ivided by a.
11
Suppose 2*k = -2*k + 8, -37 = -r - 4*k. What is the remainder when 84 is divided by r?
26
Let a(m) = m**3 + 6*m**2 - 7*m + 21. What is the remainder when a(-7) is divided by (2/(-1))/(4/(-22))?
10
Let w = 14 - 6. Calculate the remainder when 13 is divided by w.
5
Let x(w) be the third derivative of w**5/12 - w**4/24 + 2*w**2. Let k be x(-3). Suppose -4*n + n + k = 0. Calculate the remainder when n is divided by 9.
7
Suppose -7 = -c + 2. Suppose n = 4*n - c. What is the remainder when 6 is divided by n?
0
Suppose 2*q - 229 + 67 = 0. Suppose -2*m + q = 11. Calculate the remainder when m is divided by 9.
8
Let r(w) = -11*w + 1. Calculate the remainder when r(-3) is divided by (36/10)/(3/15).
16
Suppose -49 = -3*l + 5. Calculate the remainder when 48 is divided by l.
12
Let n be ((-11)/(-11))/((-2)/4). Calculate the remainder when 39 is divided by (3/n)/(9/(-60)).
9
Let k = -7 - -18. Suppose 287 = -205*y + 212*y. What is the remainder when y is divided by k?
8
Let l be (-2)/9 + (-74)/(-9). Suppose 5*g - 8 = 5*r + 37, 2*r = -l. What is the remainder when (17 - 0) + (-44)/11 is divided by g?
3
Suppose 0*g - 3*g + 9 = 0. Suppose -t - 8 = -g*t. Suppose 78 = t*j + 2*f + 10, -3*f = 4*j - 70. What is the remainder when j is divided by 6?
4
Suppose -2*k = -44 - 36. What is the remainder when 157 is divided by k?
37
Suppose 0 = m - 2*b + 2 + 4, 5*m = -2*b - 18. Let j(g) = -16*g - 6. Suppose 26 = s - 2*f, f - 44 = -3*s + 13. Calculate the remainder when j(m) is divided by s.
18
Suppose -2*s = -2*x - 94, -4*x + 9*x = 2*s - 91. What is the remainder when s is divided by 13?
9
Let t(d) be the second derivative of -d**5/20 - 7*d**4/12 - d**3/2 - 4*d**2 - 2*d. Calculate the remainder when t(-7) is divided by 4.
1
Suppose 7*o - 10*o = -156. What is the remainder when 154 is divided by o?
50
Let j(c) = c**2 + 3*c + 1. Let v(i) = i**2 + 5*i - 8. Calculate the remainder when j(-5) is divided by v(-7).
5
Calculate the remainder when (69/6)/(1/6) is divided by 12.
9
Suppose -2 = 2*b, -2*b = -2*f + 4 + 8. What is the remainder when 18 is divided by f?
3
Suppose 6*l - 13*l + 301 = 0. What is the remainder when 169 is divided by l?
40
What is the remainder when ((-164)/2)/(-5 - -3) is divided by 22?
19
Let h(f) = -f**2 + 7*f - 1. Let y be h(6). Suppose 3*p = y*p - 32. Let w(b) = b**3 - 5*b**2 + 2*b - 4. Calculate the remainder when p is divided by w(5).
4
Let q(v) = 8*v**2 + 3*v + 3. Let l be q(3). Suppose 0 = 7*c - 5*c - l. What is the remainder when c is divided by 11?
9
Let u = -6 - -21. Calculate the remainder when 57 is divided by u.
12
Let g = 34 + 39. Let n = -39 + 58. Calculate the remainder when g is divided by n.
16
Let l be (-10)/3*12/(-8). Suppose s + s - 10 = m, 3*s + l*m = 41. Let a(n) = 20*n**2 - n + 1. What is the remainder when a(1) is divided by s?
6
Let b(n) = -n**2 - 9*n + 5. What is the remainder when 98 is divided by b(-5)?
23
Suppose 2*b + 2*b - 148 = 0. What is the remainder when b is divided by 10?
7
Suppose -3*g - 2*p = p - 231, 5*g - 373 = p. What is the remainder when g is divided by 19?
18
Suppose -a - 20 = -5*a. Let w(i) = -i**3 + 4*i**2 + 5*i + 7. Calculate the remainder when 19 is divided by w(a).
5
Let p(u) = 2*u + 3. Let f(k) = 9*k + 2. What is the remainder when f(6) is divided by p(6)?
11
Let s(q) = q**2 - 15*q - 22. What is the remainder when 32 is divided by s(17)?
8
Suppose 0 = k - 2*k + 22. Suppose 3*u = 0, -u + k = 2*w + u. Let o = -2 - -6. What is the remainder when w is divided by o?
3
Suppose 3*f + 2*p + 0 = 28, -3*f + 5*p = -35. Calculate the remainder when f is divided by 9.
1
Suppose 5*n = -5*f - 10, 3*f + 5*n = n - 10. What is the remainder when 1/((-3)/(-297)) - f is divided by 25?
22
Let c be 2/6 - 66/(-18). Suppose 2*m - 168 = c*w, -5*m - 5 = w + 26. Let l = 72 + w. Calculate the remainder when l is divided by 11.
9
Let n(v) = -v**2 + 21*v - 11. Calculate the remainder when n(8) is divided by 16.
13
Let z = -59 - -82. What is the remainder when z is divided by 9?
5
Let f(t) = t**3 + 9*t**2 + 6*t + 8. Calculate the remainder when f(-8) is divided by 10.
4
What is the remainder when 4 is divided by (4/3)/((-8)/(-12))?
0
Let s(x) = 5*x**2 - 3*x - 7. What is the remainder when s(3) is divided by 5?
4
Let b(x) = -5*x + 2. Let z be b(-8). Suppose 2*i - 2*w - 60 = 0, 2*w - z = -3*i + 2*i. What is the remainder when i is divided by 7?
6
Suppose 5*x = i + i - 45, -3*x + i - 26 = 0. Let a = 16 + x. Calculate the remainder when 35 is divided by a.
8
Let i = -7 + 13. Suppose 3*d + 6 + i = 0. Calculate the remainder when (-30)/d*(-20)/(-3) is divided by 13.
11
Let i(p) = p**2 - 5. Calculate the remainder when 20 is divided by i(4).
9
Let a = 25 + 21. What is the remainder when a is divided by 16?
14
Let a(q) = 7*q - 28. What is the remainder when a(10) is divided by 11?
9
Suppose 0 = -3*g - 2*g + 15. Suppose -74 = -5*c + g*c. Calculate the remainder when c is divided by 13.
11
Let h(a) = -14*a - 1. Let r(u) = 15*u + 2. Let t(m) = -4*h(m) - 3*r(m). Let q be t(-7). Let p = 131 + q. Calculate the remainder when p is divided by 18.
16
Let t be 0 + (6/2)/1. Suppose -2*k - 23 = -5*s + 44, -t*k + 12 = 0. Let l = -5 + 13. Calculate the remainder when s is divided by l.
7
Let l(u) = 3*u**2 - 5*u + 1. Let s = 10 + -6. What is the remainder when l(4) is divided by ((-24)/(-15))/s*25?
9
Suppose 8 - 22 = -q. Calculate the remainder when q is divided by 9.
5
Suppose -2*x = -x. Suppose x*z = -z. Suppose z = 5*h + 19 - 99. What is the remainder when h is divided by 9?
7
Suppose r - 2*r + 51 = o, -4*r + 2*o + 174 = 0. Let w(l) = 4*l**2 - 13*l + 15. What is the remainder when r is divided by w(3)?
10
Suppose 0 = 2*n + 16 - 46. What is the remainder when 44 is divided by n?
14
Suppose -4*g + 5*g = -h, -2*h + 2*g = -8. Let p = -11 + 48. Calculate the remainder when p + h/(-2) + -2 is divided by 12.
10
Suppose 5*i = 2*x - 91, -4*i - x = -5*x + 68. Let b = -29 + 65. Let u = b + i. Calculate the remainder when 49 is divided by u.
15
Let j(q) = -q**2 - 30. Let y be j(0). Let r = 44 + y. Suppose -3 = 2*l - 19. What is the remainder when r is divided by l?
6
Let c = 34 + -16. Calculate the remainder when c is divided by 16/(-96) - (-61)/6.
8
Suppose -4*s = 4*u - 60, 5*u + 5 = -3*s + 44. Calculate the remainder when 70 is divided by s.
16
Let x(a) = -a**3 + 11*a**2 - 9*a - 7. Let g be x(10). Suppose g*u - u = 36. What is the remainder when 33 is divided by u?
15
Let h = -58 - -138. Calculate the remainder when h is divided by 9.
8
Let q = -8 + 11. Let n be -6*((-6)/(-2))/q. Let h = n - -28. Calculate the remainder when 64 is divided by h.
20
Let s be -1 + 2 + (-67 - 1). Let y = s - -124. What is the remainder when y is divided by 15?
12
Let l = 6 - -4. Let b = -1 + 7. Calculate the remainder when l is divided by b.
4
Let c = 6 - 3. Let q be 31 - (c/3 + 0). Suppose -4*r + q = 2. Calculate the remainder when 20 is divided by r.
6
Let y(j) = 2*j**3 - 5*j**2 + 2*j - 5. Let s be y(4). Suppose -2*l - a = -7*l + 333, -5*a = l - s. What is the remainder when l is divided by 17?
15
Let b(f) = 2*f + 36. What is the remainder when 27 is divided by b(-13)?
7
Let h(w) = w + 1. Let k be h(3). Suppose -p + 2*b = -5, p + 3*b - 6 = k. Calculate the remainder when (4/(-6))/((-1)/39) is divided by p.
5
Suppose -4*f - 13*f = -68. Suppose -4*c + 44 = 4*d, 5*d - 82 = -c + 5*c. Calculate the remainder when d is divided by f.
2
Suppose 2*b - 31 - 49 = 0. Calculate the remainder when b is divided by 14.
12
Suppose -c + 1 = -4*d - 5, c = -4*d - 34. Let a = c - -18. Calculate the remainder when 5 is divided by a.
1
Let g(r) = 10*r**2 - r. Let j(n) = -n**2 - n + 1. Let b be j(-2). Calculate the remainder when g(b) is divided by 6.
5
Let y(m) = 3*m**2 - m - 9. Calculate the remainder when y(4) is divided by 19.
16
Suppose -2*v - 2*v + 60 = 5*u, -u + v + 12 = 0. Suppose 0 = 5*p - u - 8. Calculate the remainder when 7 is divided by p.
3
Let a = 3 + -1. Suppose -a*b - 2*x = -26, 23 + 3 = 2*b - 4*x. Let z(n) = n**3 - n**2 - n - 7. Calculate the remainder when b is divided by z(3).
5
Let m(q) = q**3 - 13*q**2 - 13*q + 3. Calculate the remainder when m(14) is divided by 9.
8
Let r(p) = -2*p**3 - 3*p + 21. Let h(x) = x**3 + x - 1. Let t(n) = 3*h(n) + r(n). Calculate the rema